d. What are the prime factors of l?
19
Let y = -225 - -135. Let l be 4/(-14) + y/(-21). Suppose -8 = -4*f, f - l*f = -3*v + 18. List the prime factors of v.
2
List the prime factors of (-2087)/(-15) - 8*(-5)/(-300).
139
Let n(x) = -4*x + 12. List the prime factors of n(-8).
2, 11
Suppose -440 = 4*i - 8*i. List the prime factors of i.
2, 5, 11
Let s = 4 + 1. Suppose 0 = -3*d + 5*f + 58, -s*f - 1 = -6. List the prime factors of d.
3, 7
Suppose 4*f - 11 = i - 0*i, -17 = 2*i - 3*f. Let r = -3 - i. What are the prime factors of r?
2
Let x be (273/14)/((-6)/(-8)). Let b = -36 - -20. Let f = x + b. What are the prime factors of f?
2, 5
Let t = -117 - -238. Suppose -94 = -5*x + t. What are the prime factors of x?
43
Suppose 5*a - 2 = 13. Suppose 2*k + 2 + a = 3*l, -3*l - 10 = -5*k. List the prime factors of k.
5
Let y(n) be the second derivative of -n**4/12 + 7*n**3/6 + n**2/2 - n. Let r be y(7). Let t = r + 1. What are the prime factors of t?
2
Let w(d) = d**2 + 2*d + 6. What are the prime factors of w(4)?
2, 3, 5
List the prime factors of (1 - 16)/((1 - 4) + 2).
3, 5
Suppose -2*v + 120 = -2*r, 2*v - 2*r = -3*v + 306. List the prime factors of v.
2, 31
Let z(o) = 49*o**2 + 4*o - 3. What are the prime factors of z(2)?
3, 67
Suppose -3*y - 13 = -2*y + 4*t, -3*t + 3 = 5*y. Let r be y/5 - 166/10. Let s = r - -30. What are the prime factors of s?
2, 7
Let f be 4/14 + (-72)/7. Suppose 3*j - 4*s = -8*s - 44, 3*s = 2*j + 18. List the prime factors of (-30)/(-4)*j/f.
3
Let i(y) = -76*y**3 + y**2 + 3*y + 1. What are the prime factors of i(-1)?
3, 5
Let q = -130 + 185. What are the prime factors of q?
5, 11
Let a = -71 + 103. List the prime factors of a.
2
Suppose -2*p + 140 = 30. List the prime factors of p.
5, 11
Let r(w) = -w**2 - 10*w + 6. What are the prime factors of r(-5)?
31
Suppose -3*k - 25 = 5. Let q(h) = h**3 + 12*h**2 + 14*h - 6. What are the prime factors of q(k)?
2, 3
Let n = 139 - 79. What are the prime factors of n?
2, 3, 5
Suppose -3*l = -5*c + 192, 4*c + 3*l - 10 - 122 = 0. List the prime factors of c.
2, 3
Suppose 3*w - 7*w = -28. What are the prime factors of (17 + 1)*w/21?
2, 3
What are the prime factors of -2*((-26)/4 + -3)?
19
Let w(n) be the third derivative of -35*n**4/24 + n**2. Let u be w(-2). What are the prime factors of u/6 + (-10)/15?
11
Let n(y) = -y**2 - 7*y - 3. Let m = 1 - 6. What are the prime factors of n(m)?
7
Let u = -546 + 769. What are the prime factors of u?
223
Suppose 3*x + 5*x = 1464. List the prime factors of x.
3, 61
Let i(m) = m**2 + 9*m. Let j(b) = b**2 + 8*b - 1. Let q(c) = 2*i(c) - 3*j(c). Let z be q(-6). Suppose 5*p - z = 42. What are the prime factors of p?
3
Let z = 10 + -10. Suppose z = 2*m - 5 - 5. What are the prime factors of m?
5
Let a(k) = 2 + k**2 - k**2 + 2*k**2 - 15*k + 6*k. What are the prime factors of a(6)?
2, 5
Let p(v) be the first derivative of v**3/3 + v**2/2 + 2. List the prime factors of p(4).
2, 5
Suppose 2*n = -5*q - 466, 4*q + 263 = -5*n - 120. List the prime factors of -2*(q/8)/1.
23
Let n = 11 + -8. What are the prime factors of n?
3
Let j(h) = 14*h**2 - 3*h + 1. What are the prime factors of j(2)?
3, 17
Suppose 6*g - 573 = 597. List the prime factors of g.
3, 5, 13
Suppose 7*j - 3*j - 16 = 0. Let n(p) = p**3 - 4*p**2 + 3*p - 5. What are the prime factors of n(j)?
7
Suppose 0 = -c - 4*s - 53, -5*c - 2*s - 398 = -97. Let m be (-5)/10 + c/(-2). Let l = -15 + m. What are the prime factors of l?
3, 5
Let c be 2/(0 - 2) - 3. List the prime factors of 167/11 + c/22.
3, 5
Let r(i) = -i**3 - i**2 - i - 19. Let m be r(0). Suppose -14 = h + 18. Let t = m - h. List the prime factors of t.
13
Let z = -118 + 200. List the prime factors of z.
2, 41
Let s(i) = i**3 - 21*i**2 + 21*i - 15. What are the prime factors of s(20)?
5
Suppose 0 = 3*n - 3*w - w - 484, -2*n = -5*w - 311. List the prime factors of n.
2, 3, 7
Let x(y) = 32*y + 16. List the prime factors of x(4).
2, 3
Let x = -15 - -49. Let w = x - 24. What are the prime factors of 2/6 + w/6?
2
Let f(o) = -o**2 + o + 17. Let i be f(0). Let a(y) = y**3 - 4*y**2 + 3*y. Let p be a(4). Let b = i - p. List the prime factors of b.
5
Suppose 4*p - 6 = 2, q = 3*p - 2. Suppose -3*m - 15 = 0, -q*w = w - m - 190. What are the prime factors of w?
37
Let t(i) = -67*i**3 - i**2 - 2*i - 5. Let h(v) = -100*v**3 - 2*v**2 - 3*v - 8. Let c(m) = 5*h(m) - 8*t(m). List the prime factors of c(1).
5, 7
What are the prime factors of (-3)/6*1*2 - -17?
2
Let n = -2 + 3. What are the prime factors of -1 - -2 - n*-8?
3
Let g be (2/(-5))/(1/(-5)). What are the prime factors of 19*(1 + g)/3?
19
List the prime factors of 20*(2 + (-9)/(-6) + 0).
2, 5, 7
Let f(o) = o + 7. Let x be f(0). Suppose 0 = x*t - 2*t. Suppose 3 = a - 5*j - 7, t = 5*a + j - 24. What are the prime factors of a?
5
Let j(r) = -r**2 - 1. Let w be j(0). What are the prime factors of (w*2*16)/(-2)?
2
Suppose 0 = -c + 3*q + 14, 2*q - 6*q = 12. Let z be (1 - (2 - -1)) + 5. Let s = c - z. List the prime factors of s.
2
Suppose 3*c = 4*c - 2*q - 1, -4*q = 4. Let t = 12 - c. List the prime factors of t.
13
Let u = -5 - -7. Suppose -82 = -3*d + u*n, 0*d - n + 102 = 4*d. List the prime factors of d.
2, 13
Suppose -a - 15 = -2*i, -i - 3*i - 3*a = -5. Suppose 0 = -i*b + 170 + 10. Suppose 4*u - u = b. What are the prime factors of u?
2, 3
Let x(m) = m**2 - 4*m. Let g be x(3). Let c = g + 11. What are the prime factors of c?
2
Let s(o) = 2*o**2 + 8*o - 4. Let t = 0 - 6. Let a be s(t). Suppose -r + 5*r - a = 0. List the prime factors of r.
5
Suppose -3*k + 132 = -3*d, -k + 4*d - d = -44. Suppose 0 = -5*c - 14 + k. What are the prime factors of c?
2, 3
Suppose 3*q - 21 = -0*q. Suppose -5*n + j - 13 = 0, 0 = -3*n + 3*j - 5 + 2. Let h = q - n. List the prime factors of h.
2, 5
Suppose 0 = 4*m + m + 20. Let b = -1 - m. What are the prime factors of b?
3
Suppose 0 = -5*p + 57 - 7. Suppose p - 26 = -2*v. List the prime factors of v.
2
Suppose 9 = 2*k - 3*h, k - 4*h = -2*k + 14. What are the prime factors of 31 - (1 + k/(-2))?
3, 11
Suppose 0 = -4*x + i + 25, 2*x = 3*x - 4*i - 10. What are the prime factors of (x/(-8))/((-2)/48)?
2, 3
Let o be ((-24)/10)/(3/(-20)). Suppose -3*y + o = -20. List the prime factors of y.
2, 3
Let y(q) = q**3 - q**2 - 39. Let t be y(0). Let z = -19 - t. What are the prime factors of z?
2, 5
Let u be (-36)/(-20) + 1/5. What are the prime factors of 19 - (2/u + -2)?
2, 5
Let l be (2 + 1 + -1)*2. Suppose -65 = -9*m + l*m. List the prime factors of m.
13
Suppose -y + 8 = y. Suppose 0*i - y*i = -76. What are the prime factors of i?
19
Let p(m) = m - 11*m + 4*m - 12*m. Let s be p(-2). Suppose -2*h - 15 = -2*r + 27, 4*h = -2*r + s. What are the prime factors of r?
2, 5
Suppose 0 = -4*o + 4*t - 3*t + 160, -102 = -2*o - 5*t. List the prime factors of o.
41
Suppose -3*k + 40 = z, 4*z + 30 + 18 = 4*k. Let x = k + -8. Suppose 0*r + x*r - 20 = 0. What are the prime factors of r?
2
Let z(b) be the second derivative of 3*b**4/2 - b**3/6 - 2*b. List the prime factors of z(1).
17
Suppose -5*q + 3*q = -2. Let v(n) = -n**2 + 7*n - 7. Let y be v(6). What are the prime factors of (q - 6)/(1*y)?
5
Let i = -131 + 143. What are the prime factors of i?
2, 3
Suppose 4*y - 39 = -3. What are the prime factors of y?
3
Let b = -372 + 555. List the prime factors of b.
3, 61
Suppose 2*w + 14 + 8 = 0. Let x(q) = q**3 + 12*q**2 + 9*q - 8. What are the prime factors of x(w)?
2, 7
Suppose i = 8 + 3. Suppose 3*g = 2*m + 34, -2*g + 2 = 5*m + i. What are the prime factors of g?
2
Let d = -25 - -68. Suppose -c = -d + 11. List the prime factors of c.
2
List the prime factors of (-1)/((-3)/21 - 0).
7
Suppose -5 + 9 = 2*l. List the prime factors of (24/(-30))/(l/(-10)).
2
Let v(r) = 5*r - 5. Let u be v(4). Let y be u/10*28/6. What are the prime factors of 72/y - (-2)/(-7)?
2, 5
Let h be -9 - (1 - 2 - 2). Let p = 9 + h. List the prime factors of p.
3
List the prime factors of (-32)/56 + (-176)/(-14).
2, 3
Let d be 38/8 + 2/8. Let p(j) = j**2 + 2*j - 1. Let r be p(d). Suppose 4*k = -3*t + k + 24, -4*t - 5*k = -r. What are the prime factors of t?
2, 3
Suppose -o + 4*o + 12 = 0. List the prime factors of o + 14/2 + 21.
2, 3
Suppose -16 - 19 = -5*d. Suppose 5 + d = 2*m. What are the prime factors of m?
2, 3
Suppose -3*p + 3*j - 41 - 22 = 0, 5*p